{"id":35,"date":"2017-10-28T19:48:12","date_gmt":"2017-10-28T17:48:12","guid":{"rendered":"http:\/\/amelie-pelle.com\/?page_id=35"},"modified":"2025-03-27T11:19:17","modified_gmt":"2025-03-27T10:19:17","slug":"accueil","status":"publish","type":"page","link":"https:\/\/amelie-pelle.com\/","title":{"rendered":"Am\u00e9lie Pell\u00e9"},"content":{"rendered":"<h4>\u00a0<\/h4>\n<p><iframe loading=\"lazy\" title=\"Agence AP Am\u00e9lie Pell\u00e9 Architecte d&#039;int\u00e9rieur Cabourg 14\" width=\"1260\" height=\"709\" src=\"https:\/\/www.youtube.com\/embed\/K7FaEfiU1rg?feature=oembed\" frameborder=\"0\" allow=\"accelerometer; autoplay; clipboard-write; encrypted-media; gyroscope; picture-in-picture; web-share\" referrerpolicy=\"strict-origin-when-cross-origin\" allowfullscreen><\/iframe><\/p>\n<h4 style=\"text-align: center;\"><span style=\"color: #000080;\"><strong>Architecte d&rsquo;int\u00e9rieur<\/strong><\/span><\/h4>\n<p style=\"text-align: center;\"><span style=\"color: #000000;\"><img loading=\"lazy\" decoding=\"async\" class=\"wp-image-380 size-medium alignright\" src=\"https:\/\/amelie-pelle.com\/wp-content\/uploads\/2020\/09\/moi-236x300.jpg\" alt=\"\" width=\"236\" height=\"300\" srcset=\"https:\/\/amelie-pelle.com\/wp-content\/uploads\/2020\/09\/moi-236x300.jpg 236w, https:\/\/amelie-pelle.com\/wp-content\/uploads\/2020\/09\/moi-804x1024.jpg 804w, https:\/\/amelie-pelle.com\/wp-content\/uploads\/2020\/09\/moi-768x978.jpg 768w, https:\/\/amelie-pelle.com\/wp-content\/uploads\/2020\/09\/moi-1207x1536.jpg 1207w, https:\/\/amelie-pelle.com\/wp-content\/uploads\/2020\/09\/moi-1609x2048.jpg 1609w, https:\/\/amelie-pelle.com\/wp-content\/uploads\/2020\/09\/moi-1260x1604.jpg 1260w, https:\/\/amelie-pelle.com\/wp-content\/uploads\/2020\/09\/moi-scaled.jpg 2011w\" sizes=\"auto, (max-width: 236px) 100vw, 236px\" \/><\/span><\/p>\n<p><span style=\"color: #000000;\">Vous trouverez sur cette page \u00ab\u00a0Qui suis je?\u00a0\u00bb et les valeurs de l&rsquo;agence.<\/span><\/p>\n<p><span style=\"color: #000000;\">Le fonctionnement et le d\u00e9roulement d&rsquo;un projet du premier contact \u00e0 la r\u00e9alisation.<\/span><\/p>\n<p><span style=\"color: #000000;\">N&rsquo;h\u00e9sitez pas \u00e0 me suivre sur les r\u00e9seaux sociaux. Vous y d\u00e9couvrirez les actualit\u00e9s, les projets ainsi que des astuces d\u00e9co.<\/span><\/p>\n<p><a href=\"https:\/\/www.instagram.com\/agence_ap\/\">Instagram<\/a>\u00a0\u00a0<\/p>\n<p><!--more--><\/p>\n<h4 style=\"text-align: center;\"><strong>\u00a0 \u00a0 \u00a0 <span style=\"color: #000080;\">Agence <span style=\"color: #ff00ff;\">AP\u00a0<\/span><\/span><\/strong><span style=\"color: #ff00ff;\">\u00a0<\/span><\/h4>\n<p data-wp-editing=\"1\"><img loading=\"lazy\" decoding=\"async\" class=\"aligncenter wp-image-381 size-full\" src=\"https:\/\/amelie-pelle.com\/wp-content\/uploads\/2020\/09\/agence-scaled.jpeg\" alt=\"\" width=\"2560\" height=\"1441\" srcset=\"https:\/\/amelie-pelle.com\/wp-content\/uploads\/2020\/09\/agence-scaled.jpeg 2560w, https:\/\/amelie-pelle.com\/wp-content\/uploads\/2020\/09\/agence-300x169.jpeg 300w, https:\/\/amelie-pelle.com\/wp-content\/uploads\/2020\/09\/agence-1024x576.jpeg 1024w, https:\/\/amelie-pelle.com\/wp-content\/uploads\/2020\/09\/agence-768x432.jpeg 768w, https:\/\/amelie-pelle.com\/wp-content\/uploads\/2020\/09\/agence-1536x864.jpeg 1536w, https:\/\/amelie-pelle.com\/wp-content\/uploads\/2020\/09\/agence-2048x1152.jpeg 2048w, https:\/\/amelie-pelle.com\/wp-content\/uploads\/2020\/09\/agence-1260x709.jpeg 1260w\" sizes=\"auto, (max-width: 2560px) 100vw, 2560px\" \/><\/p>\n<p data-wp-editing=\"1\">Apr\u00e8s 4 ann\u00e9es d&rsquo;\u00e9tudes dans le domaine de l&rsquo;architecture d&rsquo;int\u00e9rieur et de d\u00e9coration, j&rsquo;ai travaill\u00e9 dans un grand groupe sp\u00e9cialis\u00e9 dans l&rsquo;am\u00e9nagement tertiaire.<\/p>\n<p data-wp-editing=\"1\">En 2009, suite \u00e0 un projet de r\u00e9novation d&rsquo;une maison familiale, j&rsquo;ai d\u00e9cid\u00e9 de cr\u00e9er mon entreprise.<\/p>\n<p>\u00a0D&rsquo;autres belles exp\u00e9riences ont suivi, dont une r\u00e9cente concr\u00e9tisation en 2018 avec l&rsquo;ouverture d&rsquo;une agence enti\u00e8rement r\u00e9nov\u00e9e par mes soins et l&rsquo;ouverture d&rsquo;une deuxi\u00e8me agence \u00e0 Cabourg en 2022.\u00a0<\/p>\n<p>Apr\u00e8s maintenant plus de <span style=\"color: #ff00ff;\">18 ans d&rsquo;exp\u00e9rience<\/span>, les valeurs sont toujours les m\u00eames : travail, passion, mais surtout l&rsquo;oreille attentive pour r\u00e9pondre au mieux \u00e0 vous attentes.<\/p>\n<p>\u00a0 \u00a0 \u00a0 <span style=\"color: #ff00ff;\">AP, l&rsquo;agence qui vous apporte ce petit \u00ab\u00a0plus\u00a0\u00bb d&rsquo;originalit\u00e9, qui vous pousse \u00e0 oser sans rien vous imposer !<\/span><\/p>\n<h4 style=\"text-align: center;\"><span style=\"color: #000080;\"><strong>Dipl\u00f4mes et Exp\u00e9riences<\/strong><\/span><\/h4>\n<p style=\"text-align: left;\">-Ouverture de la deuxi\u00e8me agence en 2023 au 57 avenue de la mer \u00e0 Cabourg (14) \ud83d\ude09<\/p>\n<p style=\"text-align: left;\">-Ouverture de la premi\u00e8re agence \u00ab\u00a0fixe\u00a0\u00bben 2018 \u00e0 Gif sur yvette<\/p>\n<p style=\"text-align: left;\">-Enseignement Ecole MJM PARIS 2010<\/p>\n<p>-Cr\u00e9ation de l&rsquo;Agence Am\u00e9lie Pell\u00e9 2009\u00a0<\/p>\n<p>-Architecte d&rsquo;int\u00e9rieur chez KARDHAM\u00a0<\/p>\n<p>-BTS Design d&rsquo;espace en contrat de professionnalisation 2005-2007 MJM Paris<\/p>\n<p>-D\u00e9coration int\u00e9rieur 2003-2005 MJM Paris<\/p>\n<p>-BAC g\u00e9n\u00e9ral 2003<\/p>\n<h4>\u00a0<\/h4>\n<h4 style=\"text-align: center;\"><span style=\"color: #000080;\"><strong>Les plus de l&rsquo;Agence <span style=\"color: #ff00ff;\">AP<\/span><\/strong><\/span><\/h4>\n<p><strong>Le professionnalisme:<\/strong><\/p>\n<p>De nombreuses prestations sont cr\u00e9es pour chaque besoin. Des entreprises qualifi\u00e9es sont en mesure de conseiller et de r\u00e9aliser vos travaux.<\/p>\n<p><strong>La proximit\u00e9 avec l&rsquo;agence:<\/strong><\/p>\n<p>Elle vous permet d&rsquo;avoir un point de rencontre et vous rassure!<\/p>\n<p><strong>Les partenaires:<\/strong><\/p>\n<p>Depuis quelques ann\u00e9es vous pouvez b\u00e9n\u00e9ficier des <span style=\"color: #ff00ff;\">remises<\/span> chez nos partenaires, pour vos mat\u00e9riaux et objets de d\u00e9coration allant jusqu&rsquo;\u00e0 <span style=\"color: #ff00ff;\">30%<\/span>!\u00a0<\/p>\n<h4>\u00a0<\/h4>\n<h4 style=\"text-align: center;\"><span style=\"color: #000080;\"><strong>Fonctionnement de l&rsquo;Agence <span style=\"color: #ff00ff;\">AP<img class=\"\" \/><\/span><\/strong><\/span><\/h4>\n<p><strong>1\/ Prise de contact:<\/strong> il suffit d&rsquo;appeler ou d&rsquo;envoyer un sms ou un mail pour fixer notre RDV. Ce dernier est payant et sous forme de <span style=\"color: #ff00ff;\">conseil d\u00e9co<\/span> \u00e0 l&rsquo;agence ou \u00e0 domicile. Nous verrons ensemble votre projet et je vous donnerai d\u00e9j\u00e0 des conseils. Vous parlerez de la suite du programme si vous souhaitez aller plus loin dans le projet avec l&rsquo;architecte d&rsquo;int\u00e9rieur. Munissez vous si possible d&rsquo;un plan d\u00e9j\u00e0 c\u00f4t\u00e9. Il permettra d&rsquo;aller plus vite pour r\u00e9aliser des esquisses.<\/p>\n<p><strong>2\/ Devis:<\/strong> Apr\u00e8s avoir discut\u00e9 ensemble de la prestation de l&rsquo;architecte d&rsquo;int\u00e9rieur vous recevrez par mail un devis. Les tarifs sont calcul\u00e9s en fonction des pi\u00e8ces \u00e0 travailler, des surfaces ainsi que des prestations que vous souhaitez. Il sera d\u00e9duit dans ce devis le premier rendez-vous.<\/p>\n<p><strong>3\/Pr\u00e9sentation du projet:<\/strong> Sous 4 semaines, vous aurez 2<span style=\"color: #ff00ff;\">\u00a0propositions d&rsquo;am\u00e9nagement<\/span> ce qui vous permettra de faire un choix. G\u00e9n\u00e9ralement nous organisons un 3\u00e8me projet qui sera le dernier.\u00a0<\/p>\n<h4 style=\"text-align: center;\"><span style=\"color: #000080;\"><strong>Un chantier de A \u00e0 Z<\/strong><\/span><\/h4>\n<p><img loading=\"lazy\" decoding=\"async\" class=\" wp-image-284 alignleft\" src=\"https:\/\/amelie-pelle.com\/wp-content\/uploads\/2020\/03\/p-300x200.jpg\" alt=\"\" width=\"353\" height=\"235\" srcset=\"https:\/\/amelie-pelle.com\/wp-content\/uploads\/2020\/03\/p-300x200.jpg 300w, https:\/\/amelie-pelle.com\/wp-content\/uploads\/2020\/03\/p-1024x683.jpg 1024w, https:\/\/amelie-pelle.com\/wp-content\/uploads\/2020\/03\/p-768x513.jpg 768w, https:\/\/amelie-pelle.com\/wp-content\/uploads\/2020\/03\/p-1536x1025.jpg 1536w, https:\/\/amelie-pelle.com\/wp-content\/uploads\/2020\/03\/p-2048x1367.jpg 2048w, https:\/\/amelie-pelle.com\/wp-content\/uploads\/2020\/03\/p-1260x841.jpg 1260w\" sizes=\"auto, (max-width: 353px) 100vw, 353px\" \/><\/p>\n<p>D\u00e8s validation du projet, il sera confi\u00e9 \u00e0 des entreprises g\u00e9n\u00e9rales tout corps d&rsquo;\u00e9tat. Ils s&rsquo;occupent de la mise en oeuvre de la totalit\u00e9 de mes chantiers. Cependant, vous avez la libert\u00e9 de choisir vos entreprises pour votre chantier.<\/p>\n\n\n<p><\/p>\n","protected":false},"excerpt":{"rendered":"<p>\u00a0 Architecte d&rsquo;int\u00e9rieur Vous trouverez sur cette page \u00ab\u00a0Qui suis je?\u00a0\u00bb et les valeurs de l&rsquo;agence. Le fonctionnement et le d\u00e9roulement d&rsquo;un projet du premier contact \u00e0 la r\u00e9alisation. N&rsquo;h\u00e9sitez pas \u00e0 me suivre sur les r\u00e9seaux sociaux. Vous y d\u00e9couvrirez les actualit\u00e9s, les projets ainsi que des astuces d\u00e9co. Instagram\u00a0\u00a0<\/p>\n","protected":false},"author":1,"featured_media":0,"parent":0,"menu_order":0,"comment_status":"closed","ping_status":"closed","template":"","meta":{"footnotes":""},"class_list":{"0":"post-35","1":"page","2":"type-page","3":"status-publish","5":"entry"},"_links":{"self":[{"href":"https:\/\/amelie-pelle.com\/index.php?rest_route=\/wp\/v2\/pages\/35","targetHints":{"allow":["GET"]}}],"collection":[{"href":"https:\/\/amelie-pelle.com\/index.php?rest_route=\/wp\/v2\/pages"}],"about":[{"href":"https:\/\/amelie-pelle.com\/index.php?rest_route=\/wp\/v2\/types\/page"}],"author":[{"embeddable":true,"href":"https:\/\/amelie-pelle.com\/index.php?rest_route=\/wp\/v2\/users\/1"}],"replies":[{"embeddable":true,"href":"https:\/\/amelie-pelle.com\/index.php?rest_route=%2Fwp%2Fv2%2Fcomments&post=35"}],"version-history":[{"count":46,"href":"https:\/\/amelie-pelle.com\/index.php?rest_route=\/wp\/v2\/pages\/35\/revisions"}],"predecessor-version":[{"id":538,"href":"https:\/\/amelie-pelle.com\/index.php?rest_route=\/wp\/v2\/pages\/35\/revisions\/538"}],"wp:attachment":[{"href":"https:\/\/amelie-pelle.com\/index.php?rest_route=%2Fwp%2Fv2%2Fmedia&parent=35"}],"curies":[{"name":"wp","href":"https:\/\/api.w.org\/{rel}","templated":true}]}}